{"id":35,"date":"2016-07-19T22:26:08","date_gmt":"2016-07-19T20:26:08","guid":{"rendered":"http:\/\/sec-ur.de\/homepage\/?page_id=35"},"modified":"2018-10-18T12:04:04","modified_gmt":"2018-10-18T10:04:04","slug":"wartung-service","status":"publish","type":"page","link":"https:\/\/sec-ur.de\/index.php\/wartung-service\/","title":{"rendered":"SERVICE"},"content":{"rendered":"<p><b><img loading=\"lazy\" decoding=\"async\" class=\"aligncenter wp-image-36 size-full\" title=\"Wartung &amp; Service\" src=\"http:\/\/sec-ur.de\/wp-content\/uploads\/2016\/07\/Man-5-e1490093749400.jpg\" alt=\"Wartung &amp; Service\" width=\"250\" height=\"208\" \/><\/b><\/p>\n<h2 style=\"text-align: center;\"><span style=\"color: #0000ff;\"><b>WARTUNG &amp; SERVICE<\/b><\/span><br \/>\n<b><\/b><\/h2>\n<p><strong>Unser Service f\u00fcr Sie:<\/strong><br \/>\nwir sind Ihr Full-Service-Partner f\u00fcr Alarm- und Sicherheitstechnik.<br \/>\nUnsere Anlagen kommen zum Einsatz in Handels- und Gewerbebetrieben, Industrieanlagen, Beh\u00f6rden und privaten Objekten.<\/p>\n<p><span style=\"color: #0000ff;\"><b>Wartung &amp; Service<\/b><\/span><br \/>\nAuch Folgeleistungen wie Wartung &amp; Service und Reparaturen f\u00fchren wir gern f\u00fcr Sie aus.<br \/>\nDie fachgerechte Wartung &amp; Service der elektronischen Komponenten ist von \u00e4u\u00dferster Wichtigkeit. Um eine zuverl\u00e4ssige Funktion Ihrer Sicherheitstechnik zu gew\u00e4hrleisten, sollten Sie hier keine Kompromisse eingehen. Egal ob verkabelte Alarmanlage, Funkalarmanlage oder Video\u00fcberwachung: Nur die regelm\u00e4\u00dfige Kontrolle der Technik kann Sie vor dem Ausfall Ihrer Sicherheitssysteme sch\u00fctzen und so gro\u00dfe wirtschaftliche Sch\u00e4den verhindern.<\/p>\n","protected":false},"excerpt":{"rendered":"<p>WARTUNG &amp; SERVICE Unser Service f\u00fcr Sie: wir sind Ihr Full-Service-Partner f\u00fcr Alarm- und Sicherheitstechnik. Unsere Anlagen kommen zum Einsatz in Handels- und Gewerbebetrieben, Industrieanlagen, Beh\u00f6rden und privaten Objekten. Wartung &amp; Service Auch Folgeleistungen wie Wartung &amp; Service und Reparaturen f\u00fchren wir gern f\u00fcr Sie &hellip; <a href=\"https:\/\/sec-ur.de\/index.php\/wartung-service\/\" class=\"more-link\"><span>Continue reading<span class=\"screen-reader-text\">SERVICE<\/span><\/span><\/a><\/p>\n","protected":false},"author":1,"featured_media":0,"parent":0,"menu_order":0,"comment_status":"closed","ping_status":"closed","template":"","meta":{"footnotes":""},"class_list":["post-35","page","type-page","status-publish","hentry"],"yoast_head":"<!-- This site is optimized with the Yoast SEO plugin v26.4 - https:\/\/yoast.com\/wordpress\/plugins\/seo\/ -->\n<title>Die fachgerechte Wartung &amp; Service ist von \u00e4u\u00dferster Wichtigkeit.<\/title>\n<meta name=\"description\" content=\"Die fachgerechte Wartung &amp; Service ist von \u00e4u\u00dferster Wichtigkeit. Um eine zuverl\u00e4ssige Funktion Ihrer Sicherheitstechnik zu gew\u00e4hrleisten\" \/>\n<meta name=\"robots\" content=\"index, follow, max-snippet:-1, max-image-preview:large, max-video-preview:-1\" \/>\n<link rel=\"canonical\" href=\"https:\/\/sec-ur.de\/index.php\/wartung-service\/\" \/>\n<meta property=\"og:locale\" content=\"de_DE\" \/>\n<meta property=\"og:type\" content=\"article\" \/>\n<meta property=\"og:title\" content=\"Die fachgerechte Wartung &amp; Service ist von \u00e4u\u00dferster Wichtigkeit.\" \/>\n<meta property=\"og:description\" content=\"Die fachgerechte Wartung &amp; Service ist von \u00e4u\u00dferster Wichtigkeit. Um eine zuverl\u00e4ssige Funktion Ihrer Sicherheitstechnik zu gew\u00e4hrleisten\" \/>\n<meta property=\"og:url\" content=\"https:\/\/sec-ur.de\/index.php\/wartung-service\/\" \/>\n<meta property=\"og:site_name\" content=\"SECUR Sicherheitssysteme\" \/>\n<meta property=\"article:publisher\" content=\"https:\/\/www.facebook.com\/Secur-Sicherheitssysteme-1554370868186186\/?ref=bookmarks\" \/>\n<meta property=\"article:modified_time\" content=\"2018-10-18T10:04:04+00:00\" \/>\n<meta property=\"og:image\" content=\"http:\/\/sec-ur.de\/wp-content\/uploads\/2016\/07\/Man-5-e1490093749400.jpg\" \/>\n<meta name=\"twitter:card\" content=\"summary_large_image\" \/>\n<meta name=\"twitter:label1\" content=\"Gesch\u00e4tzte Lesezeit\" \/>\n\t<meta name=\"twitter:data1\" content=\"1\u00a0Minute\" \/>\n<script type=\"application\/ld+json\" class=\"yoast-schema-graph\">{\"@context\":\"https:\/\/schema.org\",\"@graph\":[{\"@type\":\"WebPage\",\"@id\":\"https:\/\/sec-ur.de\/index.php\/wartung-service\/\",\"url\":\"https:\/\/sec-ur.de\/index.php\/wartung-service\/\",\"name\":\"Die fachgerechte Wartung & Service ist von \u00e4u\u00dferster Wichtigkeit.\",\"isPartOf\":{\"@id\":\"https:\/\/sec-ur.de\/#website\"},\"primaryImageOfPage\":{\"@id\":\"https:\/\/sec-ur.de\/index.php\/wartung-service\/#primaryimage\"},\"image\":{\"@id\":\"https:\/\/sec-ur.de\/index.php\/wartung-service\/#primaryimage\"},\"thumbnailUrl\":\"http:\/\/sec-ur.de\/wp-content\/uploads\/2016\/07\/Man-5-e1490093749400.jpg\",\"datePublished\":\"2016-07-19T20:26:08+00:00\",\"dateModified\":\"2018-10-18T10:04:04+00:00\",\"description\":\"Die fachgerechte Wartung & Service ist von \u00e4u\u00dferster Wichtigkeit. Um eine zuverl\u00e4ssige Funktion Ihrer Sicherheitstechnik zu gew\u00e4hrleisten\",\"breadcrumb\":{\"@id\":\"https:\/\/sec-ur.de\/index.php\/wartung-service\/#breadcrumb\"},\"inLanguage\":\"de\",\"potentialAction\":[{\"@type\":\"ReadAction\",\"target\":[\"https:\/\/sec-ur.de\/index.php\/wartung-service\/\"]}]},{\"@type\":\"ImageObject\",\"inLanguage\":\"de\",\"@id\":\"https:\/\/sec-ur.de\/index.php\/wartung-service\/#primaryimage\",\"url\":\"http:\/\/sec-ur.de\/wp-content\/uploads\/2016\/07\/Man-5-e1490093749400.jpg\",\"contentUrl\":\"http:\/\/sec-ur.de\/wp-content\/uploads\/2016\/07\/Man-5-e1490093749400.jpg\"},{\"@type\":\"BreadcrumbList\",\"@id\":\"https:\/\/sec-ur.de\/index.php\/wartung-service\/#breadcrumb\",\"itemListElement\":[{\"@type\":\"ListItem\",\"position\":1,\"name\":\"Startseite\",\"item\":\"https:\/\/sec-ur.de\/\"},{\"@type\":\"ListItem\",\"position\":2,\"name\":\"SERVICE\"}]},{\"@type\":\"WebSite\",\"@id\":\"https:\/\/sec-ur.de\/#website\",\"url\":\"https:\/\/sec-ur.de\/\",\"name\":\"SECUR Sicherheitssysteme\",\"description\":\"Einbruchmeldeanlagen - Video\u00fcberwachung - Zutrittskontrolle - Notrufzentrale\",\"publisher\":{\"@id\":\"https:\/\/sec-ur.de\/#organization\"},\"potentialAction\":[{\"@type\":\"SearchAction\",\"target\":{\"@type\":\"EntryPoint\",\"urlTemplate\":\"https:\/\/sec-ur.de\/?s={search_term_string}\"},\"query-input\":{\"@type\":\"PropertyValueSpecification\",\"valueRequired\":true,\"valueName\":\"search_term_string\"}}],\"inLanguage\":\"de\"},{\"@type\":\"Organization\",\"@id\":\"https:\/\/sec-ur.de\/#organization\",\"name\":\"SECUR Sicherheitssysteme\",\"url\":\"https:\/\/sec-ur.de\/\",\"logo\":{\"@type\":\"ImageObject\",\"inLanguage\":\"de\",\"@id\":\"https:\/\/sec-ur.de\/#\/schema\/logo\/image\/\",\"url\":\"https:\/\/sec-ur.de\/wp-content\/uploads\/2016\/07\/Logo-neu.jpg\",\"contentUrl\":\"https:\/\/sec-ur.de\/wp-content\/uploads\/2016\/07\/Logo-neu.jpg\",\"width\":1754,\"height\":1240,\"caption\":\"SECUR Sicherheitssysteme\"},\"image\":{\"@id\":\"https:\/\/sec-ur.de\/#\/schema\/logo\/image\/\"},\"sameAs\":[\"https:\/\/www.facebook.com\/Secur-Sicherheitssysteme-1554370868186186\/?ref=bookmarks\",\"https:\/\/www.instagram.com\/secur_sicherheitssysteme\/\",\"https:\/\/www.youtube.com\/channel\/UCknQxP1HzaTWSoOg1NWqxrw\"]}]}<\/script>\n<!-- \/ Yoast SEO plugin. -->","yoast_head_json":{"title":"Die fachgerechte Wartung & Service ist von \u00e4u\u00dferster Wichtigkeit.","description":"Die fachgerechte Wartung & Service ist von \u00e4u\u00dferster Wichtigkeit. Um eine zuverl\u00e4ssige Funktion Ihrer Sicherheitstechnik zu gew\u00e4hrleisten","robots":{"index":"index","follow":"follow","max-snippet":"max-snippet:-1","max-image-preview":"max-image-preview:large","max-video-preview":"max-video-preview:-1"},"canonical":"https:\/\/sec-ur.de\/index.php\/wartung-service\/","og_locale":"de_DE","og_type":"article","og_title":"Die fachgerechte Wartung & Service ist von \u00e4u\u00dferster Wichtigkeit.","og_description":"Die fachgerechte Wartung & Service ist von \u00e4u\u00dferster Wichtigkeit. Um eine zuverl\u00e4ssige Funktion Ihrer Sicherheitstechnik zu gew\u00e4hrleisten","og_url":"https:\/\/sec-ur.de\/index.php\/wartung-service\/","og_site_name":"SECUR Sicherheitssysteme","article_publisher":"https:\/\/www.facebook.com\/Secur-Sicherheitssysteme-1554370868186186\/?ref=bookmarks","article_modified_time":"2018-10-18T10:04:04+00:00","og_image":[{"url":"http:\/\/sec-ur.de\/wp-content\/uploads\/2016\/07\/Man-5-e1490093749400.jpg","type":"","width":"","height":""}],"twitter_card":"summary_large_image","twitter_misc":{"Gesch\u00e4tzte Lesezeit":"1\u00a0Minute"},"schema":{"@context":"https:\/\/schema.org","@graph":[{"@type":"WebPage","@id":"https:\/\/sec-ur.de\/index.php\/wartung-service\/","url":"https:\/\/sec-ur.de\/index.php\/wartung-service\/","name":"Die fachgerechte Wartung & Service ist von \u00e4u\u00dferster Wichtigkeit.","isPartOf":{"@id":"https:\/\/sec-ur.de\/#website"},"primaryImageOfPage":{"@id":"https:\/\/sec-ur.de\/index.php\/wartung-service\/#primaryimage"},"image":{"@id":"https:\/\/sec-ur.de\/index.php\/wartung-service\/#primaryimage"},"thumbnailUrl":"http:\/\/sec-ur.de\/wp-content\/uploads\/2016\/07\/Man-5-e1490093749400.jpg","datePublished":"2016-07-19T20:26:08+00:00","dateModified":"2018-10-18T10:04:04+00:00","description":"Die fachgerechte Wartung & Service ist von \u00e4u\u00dferster Wichtigkeit. Um eine zuverl\u00e4ssige Funktion Ihrer Sicherheitstechnik zu gew\u00e4hrleisten","breadcrumb":{"@id":"https:\/\/sec-ur.de\/index.php\/wartung-service\/#breadcrumb"},"inLanguage":"de","potentialAction":[{"@type":"ReadAction","target":["https:\/\/sec-ur.de\/index.php\/wartung-service\/"]}]},{"@type":"ImageObject","inLanguage":"de","@id":"https:\/\/sec-ur.de\/index.php\/wartung-service\/#primaryimage","url":"http:\/\/sec-ur.de\/wp-content\/uploads\/2016\/07\/Man-5-e1490093749400.jpg","contentUrl":"http:\/\/sec-ur.de\/wp-content\/uploads\/2016\/07\/Man-5-e1490093749400.jpg"},{"@type":"BreadcrumbList","@id":"https:\/\/sec-ur.de\/index.php\/wartung-service\/#breadcrumb","itemListElement":[{"@type":"ListItem","position":1,"name":"Startseite","item":"https:\/\/sec-ur.de\/"},{"@type":"ListItem","position":2,"name":"SERVICE"}]},{"@type":"WebSite","@id":"https:\/\/sec-ur.de\/#website","url":"https:\/\/sec-ur.de\/","name":"SECUR Sicherheitssysteme","description":"Einbruchmeldeanlagen - Video\u00fcberwachung - Zutrittskontrolle - Notrufzentrale","publisher":{"@id":"https:\/\/sec-ur.de\/#organization"},"potentialAction":[{"@type":"SearchAction","target":{"@type":"EntryPoint","urlTemplate":"https:\/\/sec-ur.de\/?s={search_term_string}"},"query-input":{"@type":"PropertyValueSpecification","valueRequired":true,"valueName":"search_term_string"}}],"inLanguage":"de"},{"@type":"Organization","@id":"https:\/\/sec-ur.de\/#organization","name":"SECUR Sicherheitssysteme","url":"https:\/\/sec-ur.de\/","logo":{"@type":"ImageObject","inLanguage":"de","@id":"https:\/\/sec-ur.de\/#\/schema\/logo\/image\/","url":"https:\/\/sec-ur.de\/wp-content\/uploads\/2016\/07\/Logo-neu.jpg","contentUrl":"https:\/\/sec-ur.de\/wp-content\/uploads\/2016\/07\/Logo-neu.jpg","width":1754,"height":1240,"caption":"SECUR Sicherheitssysteme"},"image":{"@id":"https:\/\/sec-ur.de\/#\/schema\/logo\/image\/"},"sameAs":["https:\/\/www.facebook.com\/Secur-Sicherheitssysteme-1554370868186186\/?ref=bookmarks","https:\/\/www.instagram.com\/secur_sicherheitssysteme\/","https:\/\/www.youtube.com\/channel\/UCknQxP1HzaTWSoOg1NWqxrw"]}]}},"_links":{"self":[{"href":"https:\/\/sec-ur.de\/index.php\/wp-json\/wp\/v2\/pages\/35","targetHints":{"allow":["GET"]}}],"collection":[{"href":"https:\/\/sec-ur.de\/index.php\/wp-json\/wp\/v2\/pages"}],"about":[{"href":"https:\/\/sec-ur.de\/index.php\/wp-json\/wp\/v2\/types\/page"}],"author":[{"embeddable":true,"href":"https:\/\/sec-ur.de\/index.php\/wp-json\/wp\/v2\/users\/1"}],"replies":[{"embeddable":true,"href":"https:\/\/sec-ur.de\/index.php\/wp-json\/wp\/v2\/comments?post=35"}],"version-history":[{"count":9,"href":"https:\/\/sec-ur.de\/index.php\/wp-json\/wp\/v2\/pages\/35\/revisions"}],"predecessor-version":[{"id":568,"href":"https:\/\/sec-ur.de\/index.php\/wp-json\/wp\/v2\/pages\/35\/revisions\/568"}],"wp:attachment":[{"href":"https:\/\/sec-ur.de\/index.php\/wp-json\/wp\/v2\/media?parent=35"}],"curies":[{"name":"wp","href":"https:\/\/api.w.org\/{rel}","templated":true}]}}