{"id":434,"date":"2018-02-27T14:54:16","date_gmt":"2018-02-27T13:54:16","guid":{"rendered":"http:\/\/sec-ur.de\/?page_id=434"},"modified":"2025-03-26T12:56:36","modified_gmt":"2025-03-26T11:56:36","slug":"ajax-funk-alarmanlage","status":"publish","type":"page","link":"https:\/\/sec-ur.de\/index.php\/ajax-funk-alarmanlage\/","title":{"rendered":"AJAX FUNK-ALARMANLAGE"},"content":{"rendered":"<h1 style=\"text-align: center;\">\u00a0<img loading=\"lazy\" decoding=\"async\" class=\"wp-image-439 size-full aligncenter\" src=\"http:\/\/sec-ur.de\/wp-content\/uploads\/2018\/02\/ajax-wohnung.jpg\" alt=\"\" width=\"800\" height=\"379\" srcset=\"https:\/\/sec-ur.de\/wp-content\/uploads\/2018\/02\/ajax-wohnung.jpg 800w, https:\/\/sec-ur.de\/wp-content\/uploads\/2018\/02\/ajax-wohnung-300x142.jpg 300w, https:\/\/sec-ur.de\/wp-content\/uploads\/2018\/02\/ajax-wohnung-768x364.jpg 768w\" sizes=\"auto, (max-width: 800px) 100vw, 800px\" \/><\/h1>\n<p>Die AJAX Funk Alarmanlage vereint modernstes Design mit revolution\u00e4rer Funk-Technologie. Die 868Mhz\u00a0Jeweller Technologie bietet \u00dcbertragungsreichweiten bis 2000m.<br \/>\nSo k\u00f6nnen auch problemlos Objekte mit mehreren Etagen abgedeckt werden. Durch Low-Energy Protokolle werden mehrj\u00e4hrige Laufzeiten (bis 7 Jahre) f\u00fcr alle Batterie-Komponenten erreicht und dies bei Intervall Pr\u00fcfungen zwischen 12-300s (einstellbar).<br \/>\nDas Ajax System ist\u00a0<strong>EN 50131 Grad 2<\/strong> zertifiziert, dem von der Kriminalpolizei empfohlenen Sicherheitsstandard f\u00fcr Wohnungen, H\u00e4user und B\u00fcros und wird von der Kreditanstalt f\u00fcr Wiederaufbau gef\u00f6rdert.<\/p>\n<p><img loading=\"lazy\" decoding=\"async\" class=\"wp-image-440 alignleft\" src=\"http:\/\/sec-ur.de\/wp-content\/uploads\/2018\/02\/ajax-alarmanlagen-zertifizi-150x150.jpg\" alt=\"\" width=\"200\" height=\"200\" \/>\u00a0\u00a0\u00a0 \u00a0\u00a0<img loading=\"lazy\" decoding=\"async\" class=\"wp-image-435 alignleft\" src=\"http:\/\/sec-ur.de\/wp-content\/uploads\/2018\/02\/ajax-security-fire-awards-2017-300x300.jpg\" alt=\"\" width=\"200\" height=\"200\" srcset=\"https:\/\/sec-ur.de\/wp-content\/uploads\/2018\/02\/ajax-security-fire-awards-2017-300x300.jpg 300w, https:\/\/sec-ur.de\/wp-content\/uploads\/2018\/02\/ajax-security-fire-awards-2017-150x150.jpg 150w, https:\/\/sec-ur.de\/wp-content\/uploads\/2018\/02\/ajax-security-fire-awards-2017-450x450.jpg 450w, https:\/\/sec-ur.de\/wp-content\/uploads\/2018\/02\/ajax-security-fire-awards-2017.jpg 518w\" sizes=\"auto, (max-width: 200px) 100vw, 200px\" \/><\/p>\n<h6>Zertifizierung EN 50131 Grad 2\u00a0\u00a0\u00a0\u00a0\u00a0\u00a0\u00a0\u00a0\u00a0\u00a0\u00a0\u00a0\u00a0\u00a0\u00a0\u00a0 Gewinner des Security Awards 2017<\/h6>\n<p>Nur durch eine Zertifizierung kann ein Sicherheitssystem auf dem Markt unter gleichen Bedingungen mit Mitbewerbern agieren und um Kunden werben. Jede professionelle Alarmanlage ben\u00f6tigt eine Zertifizierung. F\u00fcr Sachversicherer und Sicherheitsunternehmen sind Zertifizierungen eine wichtige Voraussetzung f\u00fcr die Anerkennung eines Sicherheitssystems. Die Zertifizierung ist eine echte Herausforderung f\u00fcr die Hersteller von Alarmanlagen. Die Norm EN 50131 beschreibt die Anforderungen f\u00fcr alle Aspekte eines Sicherheitssystems im Bereich des Einbruchschutzes. Diese Anforderungen enthalten u.a. die Zwei-Wege-Kommunikation zwischen den Systemger\u00e4ten, die Datenverschl\u00fcsselung oder die physikalische Widerstandsf\u00e4higkeit gegen \u00e4u\u00dfere Einfl\u00fcsse sowie gegen Vandalismus und Manipulation. Die Zertifizierung zwingt die Hersteller, passende L\u00f6sungen zu suchen und zu finden und dr\u00e4ngt sie dazu, ein wirklich zuverl\u00e4ssiges Produkt zu schaffen. Nicht-zertifizierte Alarmanlagen m\u00fcssen nicht nach diesen Regeln spielen und k\u00f6nnen daher oft billiger angeboten werden als zertifizierte Sicherheitssysteme. Die Kehrseite ist jedoch, dass ungepr\u00fcfte Technik jederzeit versagen kann. Verantwortungsbewusste Mieter sowie Wohnungs- und Hauseigent\u00fcmer entscheiden sich besser f\u00fcr eine gepr\u00fcfte Profil\u00f6sung.<\/p>\n<p><strong>Umfangreiches Zubeh\u00f6r zur Erweiterung ihrer Funk-Alarmanlage:<\/strong><\/p>\n<p>in Schwarz &amp; Wei\u00df erh\u00e4ltlich:<\/p>\n<p>Funk-Codetastur &lt;&gt; Funk- Bewegungsmelder Kombi (Infrarot &amp; Glasbruch) &lt;&gt; Funk-Bewegungsmelder Plus ( Infrarotsensor &amp; Mikrowellensensor) &lt;&gt; Funk-Bewegungsmelder (Infrarot) &lt;&gt; Funk-\u00d6ffnungsmelder (T\u00fcren &amp; Fenster) &lt;&gt; Funk-Glasbruchmelder &lt;&gt; Funk-Fernbedienung &lt;&gt; Funk-Innensirene &lt;&gt; Funk-Aussensirene &lt;&gt; Funk-Wassermelder &lt;&gt; Funk-Rauchmelder &lt;&gt; Funk-Rauchmelder Plus (Rauch &amp; CO-Melder) &lt;&gt; Funk-Schalter (zur Steuerung von Endger\u00e4ten z.B Lampen usw)<\/p>\n<h6>\u00a0\u00a0\u00a0\u00a0\u00a0\u00a0\u00a0\u00a0\u00a0\u00a0\u00a0\u00a0\u00a0\u00a0\u00a0\u00a0\u00a0\u00a0\u00a0\u00a0\u00a0\u00a0\u00a0\u00a0\u00a0\u00a0\u00a0\u00a0\u00a0\u00a0\u00a0\u00a0 <img loading=\"lazy\" decoding=\"async\" class=\"wp-image-463 size-large alignleft\" src=\"http:\/\/sec-ur.de\/wp-content\/uploads\/2018\/02\/zubeh\u00f6r-neu-1024x171.jpg\" alt=\"\" width=\"640\" height=\"107\" srcset=\"https:\/\/sec-ur.de\/wp-content\/uploads\/2018\/02\/zubeh\u00f6r-neu-1024x171.jpg 1024w, https:\/\/sec-ur.de\/wp-content\/uploads\/2018\/02\/zubeh\u00f6r-neu-300x50.jpg 300w, https:\/\/sec-ur.de\/wp-content\/uploads\/2018\/02\/zubeh\u00f6r-neu-768x128.jpg 768w\" sizes=\"auto, (max-width: 640px) 100vw, 640px\" \/><\/h6>\n","protected":false},"excerpt":{"rendered":"<p>\u00a0 Die AJAX Funk Alarmanlage vereint modernstes Design mit revolution\u00e4rer Funk-Technologie. Die 868Mhz\u00a0Jeweller Technologie bietet \u00dcbertragungsreichweiten bis 2000m. So k\u00f6nnen auch problemlos Objekte mit mehreren Etagen abgedeckt werden. Durch Low-Energy Protokolle werden mehrj\u00e4hrige Laufzeiten (bis 7 Jahre) f\u00fcr alle Batterie-Komponenten erreicht und dies bei Intervall &hellip; <a href=\"https:\/\/sec-ur.de\/index.php\/ajax-funk-alarmanlage\/\" class=\"more-link\"><span>Continue reading<span class=\"screen-reader-text\">AJAX FUNK-ALARMANLAGE<\/span><\/span><\/a><\/p>\n","protected":false},"author":1,"featured_media":0,"parent":0,"menu_order":0,"comment_status":"closed","ping_status":"closed","template":"","meta":{"footnotes":""},"class_list":["post-434","page","type-page","status-publish","hentry"],"yoast_head":"<!-- This site is optimized with the Yoast SEO plugin v26.4 - https:\/\/yoast.com\/wordpress\/plugins\/seo\/ -->\n<title>AJAX FUNK-ALARMANLAGE &#8226; SECUR Sicherheitssysteme<\/title>\n<meta name=\"description\" content=\"SECUR Sicherheitssysteme AJAX FUNK-ALARMANLAGE &#8226; AJAX Funkalarmanlage, Alarmanlage, Sicherheitstechnik, Sicherheit, Alarm, Funk\" \/>\n<meta name=\"robots\" content=\"index, follow, max-snippet:-1, max-image-preview:large, max-video-preview:-1\" \/>\n<link rel=\"canonical\" href=\"https:\/\/sec-ur.de\/index.php\/ajax-funk-alarmanlage\/\" \/>\n<meta property=\"og:locale\" content=\"de_DE\" \/>\n<meta property=\"og:type\" content=\"article\" \/>\n<meta property=\"og:title\" content=\"AJAX FUNK-ALARMANLAGE &#8226; SECUR Sicherheitssysteme\" \/>\n<meta property=\"og:description\" content=\"SECUR Sicherheitssysteme AJAX FUNK-ALARMANLAGE &#8226; AJAX Funkalarmanlage, Alarmanlage, Sicherheitstechnik, Sicherheit, Alarm, Funk\" \/>\n<meta property=\"og:url\" content=\"https:\/\/sec-ur.de\/index.php\/ajax-funk-alarmanlage\/\" \/>\n<meta property=\"og:site_name\" content=\"SECUR Sicherheitssysteme\" \/>\n<meta property=\"article:publisher\" content=\"https:\/\/www.facebook.com\/Secur-Sicherheitssysteme-1554370868186186\/?ref=bookmarks\" \/>\n<meta property=\"article:modified_time\" content=\"2025-03-26T11:56:36+00:00\" \/>\n<meta property=\"og:image\" content=\"https:\/\/sec-ur.de\/wp-content\/uploads\/2018\/02\/ajax-wohnung.jpg\" \/>\n\t<meta property=\"og:image:width\" content=\"800\" \/>\n\t<meta property=\"og:image:height\" content=\"379\" \/>\n\t<meta property=\"og:image:type\" content=\"image\/jpeg\" \/>\n<meta name=\"twitter:card\" content=\"summary_large_image\" \/>\n<meta name=\"twitter:label1\" content=\"Gesch\u00e4tzte Lesezeit\" \/>\n\t<meta name=\"twitter:data1\" content=\"3\u00a0Minuten\" \/>\n<script type=\"application\/ld+json\" class=\"yoast-schema-graph\">{\"@context\":\"https:\/\/schema.org\",\"@graph\":[{\"@type\":\"WebPage\",\"@id\":\"https:\/\/sec-ur.de\/index.php\/ajax-funk-alarmanlage\/\",\"url\":\"https:\/\/sec-ur.de\/index.php\/ajax-funk-alarmanlage\/\",\"name\":\"AJAX FUNK-ALARMANLAGE &#8226; SECUR Sicherheitssysteme\",\"isPartOf\":{\"@id\":\"https:\/\/sec-ur.de\/#website\"},\"primaryImageOfPage\":{\"@id\":\"https:\/\/sec-ur.de\/index.php\/ajax-funk-alarmanlage\/#primaryimage\"},\"image\":{\"@id\":\"https:\/\/sec-ur.de\/index.php\/ajax-funk-alarmanlage\/#primaryimage\"},\"thumbnailUrl\":\"http:\/\/sec-ur.de\/wp-content\/uploads\/2018\/02\/ajax-wohnung.jpg\",\"datePublished\":\"2018-02-27T13:54:16+00:00\",\"dateModified\":\"2025-03-26T11:56:36+00:00\",\"description\":\"SECUR Sicherheitssysteme AJAX FUNK-ALARMANLAGE &#8226; AJAX Funkalarmanlage, Alarmanlage, Sicherheitstechnik, Sicherheit, Alarm, Funk\",\"breadcrumb\":{\"@id\":\"https:\/\/sec-ur.de\/index.php\/ajax-funk-alarmanlage\/#breadcrumb\"},\"inLanguage\":\"de\",\"potentialAction\":[{\"@type\":\"ReadAction\",\"target\":[\"https:\/\/sec-ur.de\/index.php\/ajax-funk-alarmanlage\/\"]}]},{\"@type\":\"ImageObject\",\"inLanguage\":\"de\",\"@id\":\"https:\/\/sec-ur.de\/index.php\/ajax-funk-alarmanlage\/#primaryimage\",\"url\":\"https:\/\/sec-ur.de\/wp-content\/uploads\/2018\/02\/ajax-wohnung.jpg\",\"contentUrl\":\"https:\/\/sec-ur.de\/wp-content\/uploads\/2018\/02\/ajax-wohnung.jpg\",\"width\":800,\"height\":379},{\"@type\":\"BreadcrumbList\",\"@id\":\"https:\/\/sec-ur.de\/index.php\/ajax-funk-alarmanlage\/#breadcrumb\",\"itemListElement\":[{\"@type\":\"ListItem\",\"position\":1,\"name\":\"Startseite\",\"item\":\"https:\/\/sec-ur.de\/\"},{\"@type\":\"ListItem\",\"position\":2,\"name\":\"AJAX FUNK-ALARMANLAGE\"}]},{\"@type\":\"WebSite\",\"@id\":\"https:\/\/sec-ur.de\/#website\",\"url\":\"https:\/\/sec-ur.de\/\",\"name\":\"SECUR Sicherheitssysteme\",\"description\":\"Einbruchmeldeanlagen - Video\u00fcberwachung - Zutrittskontrolle - Notrufzentrale\",\"publisher\":{\"@id\":\"https:\/\/sec-ur.de\/#organization\"},\"potentialAction\":[{\"@type\":\"SearchAction\",\"target\":{\"@type\":\"EntryPoint\",\"urlTemplate\":\"https:\/\/sec-ur.de\/?s={search_term_string}\"},\"query-input\":{\"@type\":\"PropertyValueSpecification\",\"valueRequired\":true,\"valueName\":\"search_term_string\"}}],\"inLanguage\":\"de\"},{\"@type\":\"Organization\",\"@id\":\"https:\/\/sec-ur.de\/#organization\",\"name\":\"SECUR Sicherheitssysteme\",\"url\":\"https:\/\/sec-ur.de\/\",\"logo\":{\"@type\":\"ImageObject\",\"inLanguage\":\"de\",\"@id\":\"https:\/\/sec-ur.de\/#\/schema\/logo\/image\/\",\"url\":\"https:\/\/sec-ur.de\/wp-content\/uploads\/2016\/07\/Logo-neu.jpg\",\"contentUrl\":\"https:\/\/sec-ur.de\/wp-content\/uploads\/2016\/07\/Logo-neu.jpg\",\"width\":1754,\"height\":1240,\"caption\":\"SECUR Sicherheitssysteme\"},\"image\":{\"@id\":\"https:\/\/sec-ur.de\/#\/schema\/logo\/image\/\"},\"sameAs\":[\"https:\/\/www.facebook.com\/Secur-Sicherheitssysteme-1554370868186186\/?ref=bookmarks\",\"https:\/\/www.instagram.com\/secur_sicherheitssysteme\/\",\"https:\/\/www.youtube.com\/channel\/UCknQxP1HzaTWSoOg1NWqxrw\"]}]}<\/script>\n<!-- \/ Yoast SEO plugin. -->","yoast_head_json":{"title":"AJAX FUNK-ALARMANLAGE &#8226; SECUR Sicherheitssysteme","description":"SECUR Sicherheitssysteme AJAX FUNK-ALARMANLAGE &#8226; AJAX Funkalarmanlage, Alarmanlage, Sicherheitstechnik, Sicherheit, Alarm, Funk","robots":{"index":"index","follow":"follow","max-snippet":"max-snippet:-1","max-image-preview":"max-image-preview:large","max-video-preview":"max-video-preview:-1"},"canonical":"https:\/\/sec-ur.de\/index.php\/ajax-funk-alarmanlage\/","og_locale":"de_DE","og_type":"article","og_title":"AJAX FUNK-ALARMANLAGE &#8226; SECUR Sicherheitssysteme","og_description":"SECUR Sicherheitssysteme AJAX FUNK-ALARMANLAGE &#8226; AJAX Funkalarmanlage, Alarmanlage, Sicherheitstechnik, Sicherheit, Alarm, Funk","og_url":"https:\/\/sec-ur.de\/index.php\/ajax-funk-alarmanlage\/","og_site_name":"SECUR Sicherheitssysteme","article_publisher":"https:\/\/www.facebook.com\/Secur-Sicherheitssysteme-1554370868186186\/?ref=bookmarks","article_modified_time":"2025-03-26T11:56:36+00:00","og_image":[{"width":800,"height":379,"url":"https:\/\/sec-ur.de\/wp-content\/uploads\/2018\/02\/ajax-wohnung.jpg","type":"image\/jpeg"}],"twitter_card":"summary_large_image","twitter_misc":{"Gesch\u00e4tzte Lesezeit":"3\u00a0Minuten"},"schema":{"@context":"https:\/\/schema.org","@graph":[{"@type":"WebPage","@id":"https:\/\/sec-ur.de\/index.php\/ajax-funk-alarmanlage\/","url":"https:\/\/sec-ur.de\/index.php\/ajax-funk-alarmanlage\/","name":"AJAX FUNK-ALARMANLAGE &#8226; SECUR Sicherheitssysteme","isPartOf":{"@id":"https:\/\/sec-ur.de\/#website"},"primaryImageOfPage":{"@id":"https:\/\/sec-ur.de\/index.php\/ajax-funk-alarmanlage\/#primaryimage"},"image":{"@id":"https:\/\/sec-ur.de\/index.php\/ajax-funk-alarmanlage\/#primaryimage"},"thumbnailUrl":"http:\/\/sec-ur.de\/wp-content\/uploads\/2018\/02\/ajax-wohnung.jpg","datePublished":"2018-02-27T13:54:16+00:00","dateModified":"2025-03-26T11:56:36+00:00","description":"SECUR Sicherheitssysteme AJAX FUNK-ALARMANLAGE &#8226; AJAX Funkalarmanlage, Alarmanlage, Sicherheitstechnik, Sicherheit, Alarm, Funk","breadcrumb":{"@id":"https:\/\/sec-ur.de\/index.php\/ajax-funk-alarmanlage\/#breadcrumb"},"inLanguage":"de","potentialAction":[{"@type":"ReadAction","target":["https:\/\/sec-ur.de\/index.php\/ajax-funk-alarmanlage\/"]}]},{"@type":"ImageObject","inLanguage":"de","@id":"https:\/\/sec-ur.de\/index.php\/ajax-funk-alarmanlage\/#primaryimage","url":"https:\/\/sec-ur.de\/wp-content\/uploads\/2018\/02\/ajax-wohnung.jpg","contentUrl":"https:\/\/sec-ur.de\/wp-content\/uploads\/2018\/02\/ajax-wohnung.jpg","width":800,"height":379},{"@type":"BreadcrumbList","@id":"https:\/\/sec-ur.de\/index.php\/ajax-funk-alarmanlage\/#breadcrumb","itemListElement":[{"@type":"ListItem","position":1,"name":"Startseite","item":"https:\/\/sec-ur.de\/"},{"@type":"ListItem","position":2,"name":"AJAX FUNK-ALARMANLAGE"}]},{"@type":"WebSite","@id":"https:\/\/sec-ur.de\/#website","url":"https:\/\/sec-ur.de\/","name":"SECUR Sicherheitssysteme","description":"Einbruchmeldeanlagen - Video\u00fcberwachung - Zutrittskontrolle - Notrufzentrale","publisher":{"@id":"https:\/\/sec-ur.de\/#organization"},"potentialAction":[{"@type":"SearchAction","target":{"@type":"EntryPoint","urlTemplate":"https:\/\/sec-ur.de\/?s={search_term_string}"},"query-input":{"@type":"PropertyValueSpecification","valueRequired":true,"valueName":"search_term_string"}}],"inLanguage":"de"},{"@type":"Organization","@id":"https:\/\/sec-ur.de\/#organization","name":"SECUR Sicherheitssysteme","url":"https:\/\/sec-ur.de\/","logo":{"@type":"ImageObject","inLanguage":"de","@id":"https:\/\/sec-ur.de\/#\/schema\/logo\/image\/","url":"https:\/\/sec-ur.de\/wp-content\/uploads\/2016\/07\/Logo-neu.jpg","contentUrl":"https:\/\/sec-ur.de\/wp-content\/uploads\/2016\/07\/Logo-neu.jpg","width":1754,"height":1240,"caption":"SECUR Sicherheitssysteme"},"image":{"@id":"https:\/\/sec-ur.de\/#\/schema\/logo\/image\/"},"sameAs":["https:\/\/www.facebook.com\/Secur-Sicherheitssysteme-1554370868186186\/?ref=bookmarks","https:\/\/www.instagram.com\/secur_sicherheitssysteme\/","https:\/\/www.youtube.com\/channel\/UCknQxP1HzaTWSoOg1NWqxrw"]}]}},"_links":{"self":[{"href":"https:\/\/sec-ur.de\/index.php\/wp-json\/wp\/v2\/pages\/434","targetHints":{"allow":["GET"]}}],"collection":[{"href":"https:\/\/sec-ur.de\/index.php\/wp-json\/wp\/v2\/pages"}],"about":[{"href":"https:\/\/sec-ur.de\/index.php\/wp-json\/wp\/v2\/types\/page"}],"author":[{"embeddable":true,"href":"https:\/\/sec-ur.de\/index.php\/wp-json\/wp\/v2\/users\/1"}],"replies":[{"embeddable":true,"href":"https:\/\/sec-ur.de\/index.php\/wp-json\/wp\/v2\/comments?post=434"}],"version-history":[{"count":10,"href":"https:\/\/sec-ur.de\/index.php\/wp-json\/wp\/v2\/pages\/434\/revisions"}],"predecessor-version":[{"id":808,"href":"https:\/\/sec-ur.de\/index.php\/wp-json\/wp\/v2\/pages\/434\/revisions\/808"}],"wp:attachment":[{"href":"https:\/\/sec-ur.de\/index.php\/wp-json\/wp\/v2\/media?parent=434"}],"curies":[{"name":"wp","href":"https:\/\/api.w.org\/{rel}","templated":true}]}}