{"id":46,"date":"2016-07-19T22:34:43","date_gmt":"2016-07-19T20:34:43","guid":{"rendered":"http:\/\/sec-ur.de\/homepage\/?page_id=46"},"modified":"2025-12-15T10:48:10","modified_gmt":"2025-12-15T09:48:10","slug":"zutrittskontrolle","status":"publish","type":"page","link":"https:\/\/sec-ur.de\/index.php\/sicherheitssysteme\/zutrittskontrolle\/","title":{"rendered":"ZUTRITTSKONTROLLE"},"content":{"rendered":"<h2 style=\"text-align: center;\"><strong>Digitale Schliesstechnik<\/strong><\/h2>\n<p><img loading=\"lazy\" decoding=\"async\" class=\"alignnone size-full wp-image-839\" src=\"https:\/\/sec-ur.de\/wp-content\/uploads\/2025\/12\/Wapploxx-Pro.jpg\" alt=\"\" width=\"1680\" height=\"1024\" srcset=\"https:\/\/sec-ur.de\/wp-content\/uploads\/2025\/12\/Wapploxx-Pro.jpg 1680w, https:\/\/sec-ur.de\/wp-content\/uploads\/2025\/12\/Wapploxx-Pro-300x183.jpg 300w, https:\/\/sec-ur.de\/wp-content\/uploads\/2025\/12\/Wapploxx-Pro-1024x624.jpg 1024w, https:\/\/sec-ur.de\/wp-content\/uploads\/2025\/12\/Wapploxx-Pro-768x468.jpg 768w, https:\/\/sec-ur.de\/wp-content\/uploads\/2025\/12\/Wapploxx-Pro-1536x936.jpg 1536w\" sizes=\"auto, (max-width: 1680px) 100vw, 1680px\" \/><\/p>\n<p>Die Zutrittskontrolle soll Menschen, Sachwerte und Informationen vor Zugriffen sch\u00fctzen. Daf\u00fcr ben\u00f6tigt es intelligente Produkte, die als Komponenten in System und Prozesse eingebunden werden. Wir bieten Ihnen innovative L\u00f6sungen, durch welche nicht berechtigten Personen der Zugang verweigert wird. Gemeinsam mit Ihnen erstellen wir ein Sicherheitskonzept, welches Ihre Anforderungen abdeckt, um sensible Bereiche zu sch\u00fctzen. Diese modular aufgebaute Gesamtl\u00f6sung bieten wir aus einer Hand.<\/p>\n<p class=\"copy--bold hyphenate\"><strong>F\u00fcr mittlere und gr\u00f6\u00dfere Gewerbeobjekte<\/strong>:<\/p>\n<p class=\"copy--bold hyphenate\">Als onlinef\u00e4higes und funkvernetztes Schlie\u00dfsystem bietet wAppLoxx Pro Plus hohe Flexibilit\u00e4t bei der Zutrittssteuerung mittlerer bis gr\u00f6\u00dferer Gewerbeobjekte.<\/p>\n<p>\u00dcber die integrierte Software, den wAppLoxx Pro Plus Manager, verwalten Sie Ihr komplettes System &#8211; ob im lokalen Netzwerk oder per Fernzugriff \u00fcber die App. Somit sind auch Transponderverluste oder die Vergabe neuer Zutrittsberechtigungen kein Problem: Sie passen einfach Ihren Schlie\u00dfplan schnell und unkompliziert an.<\/p>\n<div><\/div>\n<div><\/div>\n<div><\/div>\n","protected":false},"excerpt":{"rendered":"<p>Digitale Schliesstechnik Die Zutrittskontrolle soll Menschen, Sachwerte und Informationen vor Zugriffen sch\u00fctzen. Daf\u00fcr ben\u00f6tigt es intelligente Produkte, die als Komponenten in System und Prozesse eingebunden werden. Wir bieten Ihnen innovative L\u00f6sungen, durch welche nicht berechtigten Personen der Zugang verweigert wird. Gemeinsam mit Ihnen erstellen wir &hellip; <a href=\"https:\/\/sec-ur.de\/index.php\/sicherheitssysteme\/zutrittskontrolle\/\" class=\"more-link\"><span>Continue reading<span class=\"screen-reader-text\">ZUTRITTSKONTROLLE<\/span><\/span><\/a><\/p>\n","protected":false},"author":1,"featured_media":0,"parent":32,"menu_order":0,"comment_status":"closed","ping_status":"closed","template":"","meta":{"footnotes":""},"class_list":["post-46","page","type-page","status-publish","hentry"],"yoast_head":"<!-- This site is optimized with the Yoast SEO plugin v26.4 - https:\/\/yoast.com\/wordpress\/plugins\/seo\/ -->\n<title>Zutrittskontrolle, digitale Schliesszylinder, Fingerscan<\/title>\n<meta name=\"description\" content=\"Die Zutrittskontrolle soll Menschen, Sachwerte und Informationen vor Zugriffen sch\u00fctzen. Entscheiden Sie, wer, wo hineindarf.\" \/>\n<meta name=\"robots\" content=\"index, follow, max-snippet:-1, max-image-preview:large, max-video-preview:-1\" \/>\n<link rel=\"canonical\" href=\"https:\/\/sec-ur.de\/index.php\/sicherheitssysteme\/zutrittskontrolle\/\" \/>\n<meta property=\"og:locale\" content=\"de_DE\" \/>\n<meta property=\"og:type\" content=\"article\" \/>\n<meta property=\"og:title\" content=\"Zutrittskontrolle, digitale Schliesszylinder, Fingerscan\" \/>\n<meta property=\"og:description\" content=\"Die Zutrittskontrolle soll Menschen, Sachwerte und Informationen vor Zugriffen sch\u00fctzen. Entscheiden Sie, wer, wo hineindarf.\" \/>\n<meta property=\"og:url\" content=\"https:\/\/sec-ur.de\/index.php\/sicherheitssysteme\/zutrittskontrolle\/\" \/>\n<meta property=\"og:site_name\" content=\"SECUR Sicherheitssysteme\" \/>\n<meta property=\"article:publisher\" content=\"https:\/\/www.facebook.com\/Secur-Sicherheitssysteme-1554370868186186\/?ref=bookmarks\" \/>\n<meta property=\"article:modified_time\" content=\"2025-12-15T09:48:10+00:00\" \/>\n<meta property=\"og:image\" content=\"https:\/\/sec-ur.de\/wp-content\/uploads\/2025\/12\/Wapploxx-Pro.jpg\" \/>\n\t<meta property=\"og:image:width\" content=\"1680\" \/>\n\t<meta property=\"og:image:height\" content=\"1024\" \/>\n\t<meta property=\"og:image:type\" content=\"image\/jpeg\" \/>\n<meta name=\"twitter:card\" content=\"summary_large_image\" \/>\n<meta name=\"twitter:label1\" content=\"Gesch\u00e4tzte Lesezeit\" \/>\n\t<meta name=\"twitter:data1\" content=\"1\u00a0Minute\" \/>\n<script type=\"application\/ld+json\" class=\"yoast-schema-graph\">{\"@context\":\"https:\/\/schema.org\",\"@graph\":[{\"@type\":\"WebPage\",\"@id\":\"https:\/\/sec-ur.de\/index.php\/sicherheitssysteme\/zutrittskontrolle\/\",\"url\":\"https:\/\/sec-ur.de\/index.php\/sicherheitssysteme\/zutrittskontrolle\/\",\"name\":\"Zutrittskontrolle, digitale Schliesszylinder, Fingerscan\",\"isPartOf\":{\"@id\":\"https:\/\/sec-ur.de\/#website\"},\"primaryImageOfPage\":{\"@id\":\"https:\/\/sec-ur.de\/index.php\/sicherheitssysteme\/zutrittskontrolle\/#primaryimage\"},\"image\":{\"@id\":\"https:\/\/sec-ur.de\/index.php\/sicherheitssysteme\/zutrittskontrolle\/#primaryimage\"},\"thumbnailUrl\":\"https:\/\/sec-ur.de\/wp-content\/uploads\/2025\/12\/Wapploxx-Pro.jpg\",\"datePublished\":\"2016-07-19T20:34:43+00:00\",\"dateModified\":\"2025-12-15T09:48:10+00:00\",\"description\":\"Die Zutrittskontrolle soll Menschen, Sachwerte und Informationen vor Zugriffen sch\u00fctzen. Entscheiden Sie, wer, wo hineindarf.\",\"breadcrumb\":{\"@id\":\"https:\/\/sec-ur.de\/index.php\/sicherheitssysteme\/zutrittskontrolle\/#breadcrumb\"},\"inLanguage\":\"de\",\"potentialAction\":[{\"@type\":\"ReadAction\",\"target\":[\"https:\/\/sec-ur.de\/index.php\/sicherheitssysteme\/zutrittskontrolle\/\"]}]},{\"@type\":\"ImageObject\",\"inLanguage\":\"de\",\"@id\":\"https:\/\/sec-ur.de\/index.php\/sicherheitssysteme\/zutrittskontrolle\/#primaryimage\",\"url\":\"https:\/\/sec-ur.de\/wp-content\/uploads\/2025\/12\/Wapploxx-Pro.jpg\",\"contentUrl\":\"https:\/\/sec-ur.de\/wp-content\/uploads\/2025\/12\/Wapploxx-Pro.jpg\",\"width\":1680,\"height\":1024},{\"@type\":\"BreadcrumbList\",\"@id\":\"https:\/\/sec-ur.de\/index.php\/sicherheitssysteme\/zutrittskontrolle\/#breadcrumb\",\"itemListElement\":[{\"@type\":\"ListItem\",\"position\":1,\"name\":\"Startseite\",\"item\":\"https:\/\/sec-ur.de\/\"},{\"@type\":\"ListItem\",\"position\":2,\"name\":\"SICHERHEITSSYSTEME\",\"item\":\"https:\/\/sec-ur.de\/index.php\/sicherheitssysteme\/\"},{\"@type\":\"ListItem\",\"position\":3,\"name\":\"ZUTRITTSKONTROLLE\"}]},{\"@type\":\"WebSite\",\"@id\":\"https:\/\/sec-ur.de\/#website\",\"url\":\"https:\/\/sec-ur.de\/\",\"name\":\"SECUR Sicherheitssysteme\",\"description\":\"Einbruchmeldeanlagen - Video\u00fcberwachung - Zutrittskontrolle - Notrufzentrale\",\"publisher\":{\"@id\":\"https:\/\/sec-ur.de\/#organization\"},\"potentialAction\":[{\"@type\":\"SearchAction\",\"target\":{\"@type\":\"EntryPoint\",\"urlTemplate\":\"https:\/\/sec-ur.de\/?s={search_term_string}\"},\"query-input\":{\"@type\":\"PropertyValueSpecification\",\"valueRequired\":true,\"valueName\":\"search_term_string\"}}],\"inLanguage\":\"de\"},{\"@type\":\"Organization\",\"@id\":\"https:\/\/sec-ur.de\/#organization\",\"name\":\"SECUR Sicherheitssysteme\",\"url\":\"https:\/\/sec-ur.de\/\",\"logo\":{\"@type\":\"ImageObject\",\"inLanguage\":\"de\",\"@id\":\"https:\/\/sec-ur.de\/#\/schema\/logo\/image\/\",\"url\":\"https:\/\/sec-ur.de\/wp-content\/uploads\/2016\/07\/Logo-neu.jpg\",\"contentUrl\":\"https:\/\/sec-ur.de\/wp-content\/uploads\/2016\/07\/Logo-neu.jpg\",\"width\":1754,\"height\":1240,\"caption\":\"SECUR Sicherheitssysteme\"},\"image\":{\"@id\":\"https:\/\/sec-ur.de\/#\/schema\/logo\/image\/\"},\"sameAs\":[\"https:\/\/www.facebook.com\/Secur-Sicherheitssysteme-1554370868186186\/?ref=bookmarks\",\"https:\/\/www.instagram.com\/secur_sicherheitssysteme\/\",\"https:\/\/www.youtube.com\/channel\/UCknQxP1HzaTWSoOg1NWqxrw\"]}]}<\/script>\n<!-- \/ Yoast SEO plugin. -->","yoast_head_json":{"title":"Zutrittskontrolle, digitale Schliesszylinder, Fingerscan","description":"Die Zutrittskontrolle soll Menschen, Sachwerte und Informationen vor Zugriffen sch\u00fctzen. Entscheiden Sie, wer, wo hineindarf.","robots":{"index":"index","follow":"follow","max-snippet":"max-snippet:-1","max-image-preview":"max-image-preview:large","max-video-preview":"max-video-preview:-1"},"canonical":"https:\/\/sec-ur.de\/index.php\/sicherheitssysteme\/zutrittskontrolle\/","og_locale":"de_DE","og_type":"article","og_title":"Zutrittskontrolle, digitale Schliesszylinder, Fingerscan","og_description":"Die Zutrittskontrolle soll Menschen, Sachwerte und Informationen vor Zugriffen sch\u00fctzen. Entscheiden Sie, wer, wo hineindarf.","og_url":"https:\/\/sec-ur.de\/index.php\/sicherheitssysteme\/zutrittskontrolle\/","og_site_name":"SECUR Sicherheitssysteme","article_publisher":"https:\/\/www.facebook.com\/Secur-Sicherheitssysteme-1554370868186186\/?ref=bookmarks","article_modified_time":"2025-12-15T09:48:10+00:00","og_image":[{"width":1680,"height":1024,"url":"https:\/\/sec-ur.de\/wp-content\/uploads\/2025\/12\/Wapploxx-Pro.jpg","type":"image\/jpeg"}],"twitter_card":"summary_large_image","twitter_misc":{"Gesch\u00e4tzte Lesezeit":"1\u00a0Minute"},"schema":{"@context":"https:\/\/schema.org","@graph":[{"@type":"WebPage","@id":"https:\/\/sec-ur.de\/index.php\/sicherheitssysteme\/zutrittskontrolle\/","url":"https:\/\/sec-ur.de\/index.php\/sicherheitssysteme\/zutrittskontrolle\/","name":"Zutrittskontrolle, digitale Schliesszylinder, Fingerscan","isPartOf":{"@id":"https:\/\/sec-ur.de\/#website"},"primaryImageOfPage":{"@id":"https:\/\/sec-ur.de\/index.php\/sicherheitssysteme\/zutrittskontrolle\/#primaryimage"},"image":{"@id":"https:\/\/sec-ur.de\/index.php\/sicherheitssysteme\/zutrittskontrolle\/#primaryimage"},"thumbnailUrl":"https:\/\/sec-ur.de\/wp-content\/uploads\/2025\/12\/Wapploxx-Pro.jpg","datePublished":"2016-07-19T20:34:43+00:00","dateModified":"2025-12-15T09:48:10+00:00","description":"Die Zutrittskontrolle soll Menschen, Sachwerte und Informationen vor Zugriffen sch\u00fctzen. Entscheiden Sie, wer, wo hineindarf.","breadcrumb":{"@id":"https:\/\/sec-ur.de\/index.php\/sicherheitssysteme\/zutrittskontrolle\/#breadcrumb"},"inLanguage":"de","potentialAction":[{"@type":"ReadAction","target":["https:\/\/sec-ur.de\/index.php\/sicherheitssysteme\/zutrittskontrolle\/"]}]},{"@type":"ImageObject","inLanguage":"de","@id":"https:\/\/sec-ur.de\/index.php\/sicherheitssysteme\/zutrittskontrolle\/#primaryimage","url":"https:\/\/sec-ur.de\/wp-content\/uploads\/2025\/12\/Wapploxx-Pro.jpg","contentUrl":"https:\/\/sec-ur.de\/wp-content\/uploads\/2025\/12\/Wapploxx-Pro.jpg","width":1680,"height":1024},{"@type":"BreadcrumbList","@id":"https:\/\/sec-ur.de\/index.php\/sicherheitssysteme\/zutrittskontrolle\/#breadcrumb","itemListElement":[{"@type":"ListItem","position":1,"name":"Startseite","item":"https:\/\/sec-ur.de\/"},{"@type":"ListItem","position":2,"name":"SICHERHEITSSYSTEME","item":"https:\/\/sec-ur.de\/index.php\/sicherheitssysteme\/"},{"@type":"ListItem","position":3,"name":"ZUTRITTSKONTROLLE"}]},{"@type":"WebSite","@id":"https:\/\/sec-ur.de\/#website","url":"https:\/\/sec-ur.de\/","name":"SECUR Sicherheitssysteme","description":"Einbruchmeldeanlagen - Video\u00fcberwachung - Zutrittskontrolle - Notrufzentrale","publisher":{"@id":"https:\/\/sec-ur.de\/#organization"},"potentialAction":[{"@type":"SearchAction","target":{"@type":"EntryPoint","urlTemplate":"https:\/\/sec-ur.de\/?s={search_term_string}"},"query-input":{"@type":"PropertyValueSpecification","valueRequired":true,"valueName":"search_term_string"}}],"inLanguage":"de"},{"@type":"Organization","@id":"https:\/\/sec-ur.de\/#organization","name":"SECUR Sicherheitssysteme","url":"https:\/\/sec-ur.de\/","logo":{"@type":"ImageObject","inLanguage":"de","@id":"https:\/\/sec-ur.de\/#\/schema\/logo\/image\/","url":"https:\/\/sec-ur.de\/wp-content\/uploads\/2016\/07\/Logo-neu.jpg","contentUrl":"https:\/\/sec-ur.de\/wp-content\/uploads\/2016\/07\/Logo-neu.jpg","width":1754,"height":1240,"caption":"SECUR Sicherheitssysteme"},"image":{"@id":"https:\/\/sec-ur.de\/#\/schema\/logo\/image\/"},"sameAs":["https:\/\/www.facebook.com\/Secur-Sicherheitssysteme-1554370868186186\/?ref=bookmarks","https:\/\/www.instagram.com\/secur_sicherheitssysteme\/","https:\/\/www.youtube.com\/channel\/UCknQxP1HzaTWSoOg1NWqxrw"]}]}},"_links":{"self":[{"href":"https:\/\/sec-ur.de\/index.php\/wp-json\/wp\/v2\/pages\/46","targetHints":{"allow":["GET"]}}],"collection":[{"href":"https:\/\/sec-ur.de\/index.php\/wp-json\/wp\/v2\/pages"}],"about":[{"href":"https:\/\/sec-ur.de\/index.php\/wp-json\/wp\/v2\/types\/page"}],"author":[{"embeddable":true,"href":"https:\/\/sec-ur.de\/index.php\/wp-json\/wp\/v2\/users\/1"}],"replies":[{"embeddable":true,"href":"https:\/\/sec-ur.de\/index.php\/wp-json\/wp\/v2\/comments?post=46"}],"version-history":[{"count":13,"href":"https:\/\/sec-ur.de\/index.php\/wp-json\/wp\/v2\/pages\/46\/revisions"}],"predecessor-version":[{"id":840,"href":"https:\/\/sec-ur.de\/index.php\/wp-json\/wp\/v2\/pages\/46\/revisions\/840"}],"up":[{"embeddable":true,"href":"https:\/\/sec-ur.de\/index.php\/wp-json\/wp\/v2\/pages\/32"}],"wp:attachment":[{"href":"https:\/\/sec-ur.de\/index.php\/wp-json\/wp\/v2\/media?parent=46"}],"curies":[{"name":"wp","href":"https:\/\/api.w.org\/{rel}","templated":true}]}}