{"id":631,"date":"2025-01-30T12:55:30","date_gmt":"2025-01-30T11:55:30","guid":{"rendered":"http:\/\/sec-ur.de\/index.php\/mesmerize\/"},"modified":"2025-11-26T15:08:55","modified_gmt":"2025-11-26T14:08:55","slug":"ajax-videotechnik","status":"publish","type":"page","link":"https:\/\/sec-ur.de\/index.php\/informationen\/ajax-videotechnik\/","title":{"rendered":"AJAX VIDEOTECHNIK"},"content":{"rendered":"<div id=\"features-1\" class=\"features-16-card-bordered-mc content-section content-section-spacing\" style=\"background-color: #ffffff;\" data-label=\"Features\" data-id=\"features-16-card-bordered-mc\" data-export-id=\"features-16-card-bordered-mc\" data-bullets-visibility=\"true\" data-category=\"features\">\n<div class=\"gridContainer\">\n<div class=\"row text-center\">\n<div class=\"section-title-col\" data-type=\"column\">\n<h5 class=\"wp-block-heading\"><strong>Ob Anspruchsvoll oder\u00a0<\/strong><strong>Simpel<\/strong><strong>&#8230; Z<\/strong><strong>uverl\u00e4ssige \u00dcberwachung f\u00fcr jeden Standort<\/strong><\/h5>\n<p class=\"fs-3\">Die Kategorie der Video\u00fcberwachung umfasst zwei Produktlinien: Baseline und Superior. Baseline bietet eine gro\u00dfe Auswahl an essenziellen Kameras und NVRs, die jeder Ajax Partner seinen Kunden anbieten kann. Die Superior-Produktlinie ist f\u00fcr diejenigen konzipiert, die anspruchsvollere L\u00f6sungen brauchen. Dank robusterer Hardware, fortschrittlicher Funktionen und verbesserter KI erm\u00f6glicht diese Produktreihe professionellen Anwendern den Aufbau einer kompromisslosen \u00dcberwachung f\u00fcr jedes Objekt.<\/p>\n<h6 class=\"fs-3\"><span style=\"color: #000000;\"><strong>Superior: Video\u00fcberwachung in Perfektion<\/strong><\/span><\/h6>\n<p class=\"fs-3\">Die Superior-Produktlinie umfasst Kameras und Netzwerkvideorekorder, die entwickelt wurden, um selbst die anspruchsvollsten Kunden zufriedenzustellen. Ihre leistungsstarken Kernfunktionen werden durch extrem scharfe Grafiken, eine verbesserte KI und zahlreiche weitere M\u00f6glichkeiten zum Aufbau kompromissloser Sicherheit auf jedem Objekt verst\u00e4rkt.<\/p>\n<p class=\"fs-3 mb-32\">Die Superior-Produktlinie ist exklusiv f\u00fcr akkreditierte Partner vorgesehen und wird nach Abschluss der spezialisierten Schulungen an der Ajax Academy freigeschaltet. Meistern Sie ambitionierte Projekte und setzen Sie neue Ma\u00dfst\u00e4be mit Superior.<\/p>\n<\/div>\n<h6><span style=\"color: #ff0000;\"><strong>Baseline: Zuverl\u00e4ssige \u00dcberwachung f\u00fcr jeden Standort<\/strong><\/span><\/h6>\n<p>Baseline ist eine Produktlinie, die alle notwendigen Videoger\u00e4te umfasst. Dazu geh\u00f6ren kabelgebundene und kabellose Kameras, T\u00fcrklingeln und Netzwerkvideorekorder in vielf\u00e4ltigen Konfigurationen. Dank integrierter KI, modernster Streaming-Technologie, einer sich st\u00e4ndig weiterentwickelnden Software sowie NDAA-kompatibler Hardware ist die Produktreihe f\u00fcr jede Aufgabe ger\u00fcstet.<\/p>\n<div class=\"section-title-col\" data-type=\"column\"><br \/>\n<pre class=\"fs-3\" style=\"margin-top: 0cm; background: white; box-sizing: border-box; font-size: 1.125rem !important; font-variant-ligatures: normal; font-variant-caps: normal; orphans: 2; text-align: start; widows: 2; -webkit-text-stroke-width: 0px; text-decoration-thickness: initial; text-decoration-style: initial; text-decoration-color: initial; word-spacing: 0px;\"><span style=\"font-family: 'Roboto Fallback','serif'; color: #181818;\"><br \/><br \/><\/span><\/pre>\n<\/div>\n<\/div>\n<div class=\"row spaced-cols\" data-type=\"row\">\n<div class=\"col-xs-12 col-sm-6 col-md-4\">\n<div class=\"card no-padding bordered y-move\">\n<div class=\"col-padding-small col-padding-small-xs description-container\" data-type=\"column\">\u00a0<\/div>\n<div class=\"col-padding-small col-padding-small-xs read-more-container\" data-type=\"column\"><img loading=\"lazy\" decoding=\"async\" class=\"aligncenter wp-image-799 size-medium\" src=\"https:\/\/sec-ur.de\/wp-content\/uploads\/2025\/01\/60426-Render-Ajax-NVR-White-front_800x800-300x300.png\" alt=\"\" width=\"300\" height=\"300\" srcset=\"https:\/\/sec-ur.de\/wp-content\/uploads\/2025\/01\/60426-Render-Ajax-NVR-White-front_800x800-300x300.png 300w, https:\/\/sec-ur.de\/wp-content\/uploads\/2025\/01\/60426-Render-Ajax-NVR-White-front_800x800-150x150.png 150w, https:\/\/sec-ur.de\/wp-content\/uploads\/2025\/01\/60426-Render-Ajax-NVR-White-front_800x800-768x768.png 768w, https:\/\/sec-ur.de\/wp-content\/uploads\/2025\/01\/60426-Render-Ajax-NVR-White-front_800x800-450x450.png 450w, https:\/\/sec-ur.de\/wp-content\/uploads\/2025\/01\/60426-Render-Ajax-NVR-White-front_800x800-600x600.png 600w, https:\/\/sec-ur.de\/wp-content\/uploads\/2025\/01\/60426-Render-Ajax-NVR-White-front_800x800-533x533.png 533w, https:\/\/sec-ur.de\/wp-content\/uploads\/2025\/01\/60426-Render-Ajax-NVR-White-front_800x800-640x640.png 640w, https:\/\/sec-ur.de\/wp-content\/uploads\/2025\/01\/60426-Render-Ajax-NVR-White-front_800x800.png 800w\" sizes=\"auto, (max-width: 300px) 100vw, 300px\" \/><\/div>\n<div class=\"col-padding-small col-padding-small-xs read-more-container\" data-type=\"column\">Netzwerkrekorder mit 8 oder 16 Kan\u00e4len mit bis zu 4K-Aufl\u00f6sung gleichzeitig.\n<ul>\n<li>Unterst\u00fctzung von Festplatten bis zu 16 TB.<\/li>\n<li>NVR ist mit einem integrierten Software-Bewegungsmelder ausgestattet, der das Sichtfeld st\u00e4ndig analysiert. Der Erfassungsbereich kann in den Apps angepasst werden, und es besteht die M\u00f6glichkeit, zwischen dem Bewegungsmelder des NVR und der Videokamera umzuschalten.<\/li>\n<li>Der NVR erm\u00f6glicht den sofortigen Wechsel von einem Ereignis im Protokoll zur entsprechenden Videoaufnahme im Archiv.<\/li>\n<li>Eine Videowand, die alle Bild- und Videodaten des Systems (einschlie\u00dflich der Daten der MotionCam-Melder*) kombiniert, ist direkt in der Ajax-App verf\u00fcgbar.<\/li>\n<li>Mit dem NVR kann ein Szenario eingerichtet werden, bei dem Ajax Melder bestimmte Kameras ausl\u00f6sen, um die Aufnahme zu starten. Dies erm\u00f6glicht eine schnelle und hochaufl\u00f6sende visuelle Alarmverifikation direkt in mobilen und Desktop-(\u00dcberwachungs-) Apps.<\/li>\n<li>Intuitive Benutzeroberfl\u00e4che f\u00fcr den Wechsel zwischen Streams und einfache Archivnavigation. Dank der kurzen Reaktionszeit des Archivs ist die Navigation in der Zeitleiste besonders fl\u00fcssig.<\/li>\n<li>Der NVR kann mit den Kameras arbeiten, indem er sie im DHCP\u00ad Netzwerk identifiziert, sodass keine zus\u00e4tzliche Konfiguration im lokalen Netzwerk erforderlich ist.<\/li>\n<li>Einfache Verbindung und Einrichtung \u00fcber einen verschl\u00fcsselten Ajax Cloud-Server, sowohl vor Ort als auch aus der Ferne. Man kann jederzeit Bilder und Videos von Kameras in der mobilen App ansehen oder ganz einfach eine Leitstelle mit PRO Desktop einrichten*.<\/li>\n<\/ul>\n<\/div>\n<\/div>\n<\/div>\n<div class=\"col-xs-12 col-sm-6 col-md-4\">\n<div class=\"card no-padding bordered y-move\"><img loading=\"lazy\" decoding=\"async\" class=\"aligncenter wp-image-792 size-medium\" src=\"https:\/\/sec-ur.de\/wp-content\/uploads\/2025\/01\/ajax-videotechnik0192d-300x188.jpg\" alt=\"\" width=\"300\" height=\"188\" srcset=\"https:\/\/sec-ur.de\/wp-content\/uploads\/2025\/01\/ajax-videotechnik0192d-300x188.jpg 300w, https:\/\/sec-ur.de\/wp-content\/uploads\/2025\/01\/ajax-videotechnik0192d.jpg 465w\" sizes=\"auto, (max-width: 300px) 100vw, 300px\" \/>Kabelgebundene IP-\u00dcberwachungskameras mit einer Aufl\u00f6sung von 2880 \u00d7 1620 px (5MP) bis 3840\u00d7 2160 px (8MP)und einem Blickwinkel von 85\u00b0 (4mm Objektiv) bis 100\u00b0\u2013110\u00b0 (2,8mm Objektiv)<br \/>Die AJAX IP-Kameras sind mit intelligenter Infrarot-Hintergrundbeleuchtung und Objekterkennung ausgestattet. Benutzer k\u00f6nnen archivierte und Online-Videos in Ajax Anwendungen ansehen. Zum Speichern der erfassten Daten eine microSD-Karte installieren oder die Kamera mithilfe einer installierten Festplatte mit NVR verbinden.Die AJAX IP-Kameras, verf\u00fcgen \u00fcber k\u00fcnstliche Intelligenz (AI) zur Objekterkennung. Ihre Algorithmen k\u00f6nnen sich bewegende Objekte erkennen und zwischen Menschen, Tieren oder Fahrzeugen unterscheiden.\n<p>Die Kameras verf\u00fcgen \u00fcber eine intelligente IR-Hintergrundbeleuchtung, die Aufnahme hochwertiger Aufnahmen auch bei geringen Lichtverh\u00e4ltnissen erm\u00f6glicht. Die Kamera passt die Intensit\u00e4t der Hintergrundbeleuchtung automatisch in Echtzeit an, um \u00dcberbelichtung zu vermeiden und dadurch bei schlechten Lichtverh\u00e4ltnissen klare Sichtbarkeit von Objekten zu erm\u00f6glichen, die entweder zu weit weg oder zu nahe an der Kamera sind.<\/p>\n<p>Sie k\u00f6nnen eine microSD-Karte mit einer Speicherkapazit\u00e4t von bis zu 256 GB installieren (nicht im kompletten Set der Kamera enthalten). Dar\u00fcber hinaus kann das Ger\u00e4t ohne Speicherkarte oder \u00fcber NVR betrieben werden.<\/p>\n<div class=\"col-padding-small col-padding-small-xs description-container\" data-type=\"column\">\u00a0<\/div>\n<div class=\"col-padding-small col-padding-small-xs read-more-container\" data-type=\"column\">\u00a0<\/div>\n<\/div>\n<\/div>\n<\/div>\n<\/div>\n<\/div>\n\n\n<p><\/p>\n","protected":false},"excerpt":{"rendered":"<p>Ob Anspruchsvoll oder\u00a0Simpel&#8230; Zuverl\u00e4ssige \u00dcberwachung f\u00fcr jeden Standort Die Kategorie der Video\u00fcberwachung umfasst zwei Produktlinien: Baseline und Superior. Baseline bietet eine gro\u00dfe Auswahl an essenziellen Kameras und NVRs, die jeder Ajax Partner seinen Kunden anbieten kann. Die Superior-Produktlinie ist f\u00fcr diejenigen konzipiert, die anspruchsvollere L\u00f6sungen &hellip; <a href=\"https:\/\/sec-ur.de\/index.php\/informationen\/ajax-videotechnik\/\" class=\"more-link\"><span>Continue reading<span class=\"screen-reader-text\">AJAX VIDEOTECHNIK<\/span><\/span><\/a><\/p>\n","protected":false},"author":1,"featured_media":0,"parent":174,"menu_order":1,"comment_status":"closed","ping_status":"closed","template":"","meta":{"footnotes":""},"class_list":["post-631","page","type-page","status-publish","hentry"],"yoast_head":"<!-- This site is optimized with the Yoast SEO plugin v26.4 - https:\/\/yoast.com\/wordpress\/plugins\/seo\/ -->\n<title>AJAX VIDEOTECHNIK &#8226; SECUR Sicherheitssysteme<\/title>\n<meta name=\"description\" content=\"AJAX Videotechnik, \u00fcberwachung, hochaufl\u00f6send\" \/>\n<meta name=\"robots\" content=\"index, follow, max-snippet:-1, max-image-preview:large, max-video-preview:-1\" \/>\n<link rel=\"canonical\" href=\"https:\/\/sec-ur.de\/index.php\/informationen\/ajax-videotechnik\/\" \/>\n<meta property=\"og:locale\" content=\"de_DE\" \/>\n<meta property=\"og:type\" content=\"article\" \/>\n<meta property=\"og:title\" content=\"AJAX VIDEOTECHNIK &#8226; SECUR Sicherheitssysteme\" \/>\n<meta property=\"og:description\" content=\"AJAX Videotechnik, \u00fcberwachung, hochaufl\u00f6send\" \/>\n<meta property=\"og:url\" content=\"https:\/\/sec-ur.de\/index.php\/informationen\/ajax-videotechnik\/\" \/>\n<meta property=\"og:site_name\" content=\"SECUR Sicherheitssysteme\" \/>\n<meta property=\"article:publisher\" content=\"https:\/\/www.facebook.com\/Secur-Sicherheitssysteme-1554370868186186\/?ref=bookmarks\" \/>\n<meta property=\"article:modified_time\" content=\"2025-11-26T14:08:55+00:00\" \/>\n<meta property=\"og:image\" content=\"https:\/\/sec-ur.de\/wp-content\/uploads\/2025\/01\/60426-Render-Ajax-NVR-White-front_800x800.png\" \/>\n\t<meta property=\"og:image:width\" content=\"800\" \/>\n\t<meta property=\"og:image:height\" content=\"800\" \/>\n\t<meta property=\"og:image:type\" content=\"image\/png\" \/>\n<meta name=\"twitter:card\" content=\"summary_large_image\" \/>\n<meta name=\"twitter:label1\" content=\"Gesch\u00e4tzte Lesezeit\" \/>\n\t<meta name=\"twitter:data1\" content=\"4\u00a0Minuten\" \/>\n<script type=\"application\/ld+json\" class=\"yoast-schema-graph\">{\"@context\":\"https:\/\/schema.org\",\"@graph\":[{\"@type\":\"WebPage\",\"@id\":\"https:\/\/sec-ur.de\/index.php\/informationen\/ajax-videotechnik\/\",\"url\":\"https:\/\/sec-ur.de\/index.php\/informationen\/ajax-videotechnik\/\",\"name\":\"AJAX VIDEOTECHNIK &#8226; SECUR Sicherheitssysteme\",\"isPartOf\":{\"@id\":\"https:\/\/sec-ur.de\/#website\"},\"primaryImageOfPage\":{\"@id\":\"https:\/\/sec-ur.de\/index.php\/informationen\/ajax-videotechnik\/#primaryimage\"},\"image\":{\"@id\":\"https:\/\/sec-ur.de\/index.php\/informationen\/ajax-videotechnik\/#primaryimage\"},\"thumbnailUrl\":\"https:\/\/sec-ur.de\/wp-content\/uploads\/2025\/01\/60426-Render-Ajax-NVR-White-front_800x800-300x300.png\",\"datePublished\":\"2025-01-30T11:55:30+00:00\",\"dateModified\":\"2025-11-26T14:08:55+00:00\",\"description\":\"AJAX Videotechnik, \u00fcberwachung, hochaufl\u00f6send\",\"breadcrumb\":{\"@id\":\"https:\/\/sec-ur.de\/index.php\/informationen\/ajax-videotechnik\/#breadcrumb\"},\"inLanguage\":\"de\",\"potentialAction\":[{\"@type\":\"ReadAction\",\"target\":[\"https:\/\/sec-ur.de\/index.php\/informationen\/ajax-videotechnik\/\"]}]},{\"@type\":\"ImageObject\",\"inLanguage\":\"de\",\"@id\":\"https:\/\/sec-ur.de\/index.php\/informationen\/ajax-videotechnik\/#primaryimage\",\"url\":\"https:\/\/sec-ur.de\/wp-content\/uploads\/2025\/01\/60426-Render-Ajax-NVR-White-front_800x800.png\",\"contentUrl\":\"https:\/\/sec-ur.de\/wp-content\/uploads\/2025\/01\/60426-Render-Ajax-NVR-White-front_800x800.png\",\"width\":800,\"height\":800},{\"@type\":\"BreadcrumbList\",\"@id\":\"https:\/\/sec-ur.de\/index.php\/informationen\/ajax-videotechnik\/#breadcrumb\",\"itemListElement\":[{\"@type\":\"ListItem\",\"position\":1,\"name\":\"Startseite\",\"item\":\"https:\/\/sec-ur.de\/\"},{\"@type\":\"ListItem\",\"position\":2,\"name\":\"INFORMATIONEN\",\"item\":\"https:\/\/sec-ur.de\/index.php\/informationen\/\"},{\"@type\":\"ListItem\",\"position\":3,\"name\":\"AJAX VIDEOTECHNIK\"}]},{\"@type\":\"WebSite\",\"@id\":\"https:\/\/sec-ur.de\/#website\",\"url\":\"https:\/\/sec-ur.de\/\",\"name\":\"SECUR Sicherheitssysteme\",\"description\":\"Einbruchmeldeanlagen - Video\u00fcberwachung - Zutrittskontrolle - Notrufzentrale\",\"publisher\":{\"@id\":\"https:\/\/sec-ur.de\/#organization\"},\"potentialAction\":[{\"@type\":\"SearchAction\",\"target\":{\"@type\":\"EntryPoint\",\"urlTemplate\":\"https:\/\/sec-ur.de\/?s={search_term_string}\"},\"query-input\":{\"@type\":\"PropertyValueSpecification\",\"valueRequired\":true,\"valueName\":\"search_term_string\"}}],\"inLanguage\":\"de\"},{\"@type\":\"Organization\",\"@id\":\"https:\/\/sec-ur.de\/#organization\",\"name\":\"SECUR Sicherheitssysteme\",\"url\":\"https:\/\/sec-ur.de\/\",\"logo\":{\"@type\":\"ImageObject\",\"inLanguage\":\"de\",\"@id\":\"https:\/\/sec-ur.de\/#\/schema\/logo\/image\/\",\"url\":\"https:\/\/sec-ur.de\/wp-content\/uploads\/2016\/07\/Logo-neu.jpg\",\"contentUrl\":\"https:\/\/sec-ur.de\/wp-content\/uploads\/2016\/07\/Logo-neu.jpg\",\"width\":1754,\"height\":1240,\"caption\":\"SECUR Sicherheitssysteme\"},\"image\":{\"@id\":\"https:\/\/sec-ur.de\/#\/schema\/logo\/image\/\"},\"sameAs\":[\"https:\/\/www.facebook.com\/Secur-Sicherheitssysteme-1554370868186186\/?ref=bookmarks\",\"https:\/\/www.instagram.com\/secur_sicherheitssysteme\/\",\"https:\/\/www.youtube.com\/channel\/UCknQxP1HzaTWSoOg1NWqxrw\"]}]}<\/script>\n<!-- \/ Yoast SEO plugin. -->","yoast_head_json":{"title":"AJAX VIDEOTECHNIK &#8226; SECUR Sicherheitssysteme","description":"AJAX Videotechnik, \u00fcberwachung, hochaufl\u00f6send","robots":{"index":"index","follow":"follow","max-snippet":"max-snippet:-1","max-image-preview":"max-image-preview:large","max-video-preview":"max-video-preview:-1"},"canonical":"https:\/\/sec-ur.de\/index.php\/informationen\/ajax-videotechnik\/","og_locale":"de_DE","og_type":"article","og_title":"AJAX VIDEOTECHNIK &#8226; SECUR Sicherheitssysteme","og_description":"AJAX Videotechnik, \u00fcberwachung, hochaufl\u00f6send","og_url":"https:\/\/sec-ur.de\/index.php\/informationen\/ajax-videotechnik\/","og_site_name":"SECUR Sicherheitssysteme","article_publisher":"https:\/\/www.facebook.com\/Secur-Sicherheitssysteme-1554370868186186\/?ref=bookmarks","article_modified_time":"2025-11-26T14:08:55+00:00","og_image":[{"width":800,"height":800,"url":"https:\/\/sec-ur.de\/wp-content\/uploads\/2025\/01\/60426-Render-Ajax-NVR-White-front_800x800.png","type":"image\/png"}],"twitter_card":"summary_large_image","twitter_misc":{"Gesch\u00e4tzte Lesezeit":"4\u00a0Minuten"},"schema":{"@context":"https:\/\/schema.org","@graph":[{"@type":"WebPage","@id":"https:\/\/sec-ur.de\/index.php\/informationen\/ajax-videotechnik\/","url":"https:\/\/sec-ur.de\/index.php\/informationen\/ajax-videotechnik\/","name":"AJAX VIDEOTECHNIK &#8226; SECUR Sicherheitssysteme","isPartOf":{"@id":"https:\/\/sec-ur.de\/#website"},"primaryImageOfPage":{"@id":"https:\/\/sec-ur.de\/index.php\/informationen\/ajax-videotechnik\/#primaryimage"},"image":{"@id":"https:\/\/sec-ur.de\/index.php\/informationen\/ajax-videotechnik\/#primaryimage"},"thumbnailUrl":"https:\/\/sec-ur.de\/wp-content\/uploads\/2025\/01\/60426-Render-Ajax-NVR-White-front_800x800-300x300.png","datePublished":"2025-01-30T11:55:30+00:00","dateModified":"2025-11-26T14:08:55+00:00","description":"AJAX Videotechnik, \u00fcberwachung, hochaufl\u00f6send","breadcrumb":{"@id":"https:\/\/sec-ur.de\/index.php\/informationen\/ajax-videotechnik\/#breadcrumb"},"inLanguage":"de","potentialAction":[{"@type":"ReadAction","target":["https:\/\/sec-ur.de\/index.php\/informationen\/ajax-videotechnik\/"]}]},{"@type":"ImageObject","inLanguage":"de","@id":"https:\/\/sec-ur.de\/index.php\/informationen\/ajax-videotechnik\/#primaryimage","url":"https:\/\/sec-ur.de\/wp-content\/uploads\/2025\/01\/60426-Render-Ajax-NVR-White-front_800x800.png","contentUrl":"https:\/\/sec-ur.de\/wp-content\/uploads\/2025\/01\/60426-Render-Ajax-NVR-White-front_800x800.png","width":800,"height":800},{"@type":"BreadcrumbList","@id":"https:\/\/sec-ur.de\/index.php\/informationen\/ajax-videotechnik\/#breadcrumb","itemListElement":[{"@type":"ListItem","position":1,"name":"Startseite","item":"https:\/\/sec-ur.de\/"},{"@type":"ListItem","position":2,"name":"INFORMATIONEN","item":"https:\/\/sec-ur.de\/index.php\/informationen\/"},{"@type":"ListItem","position":3,"name":"AJAX VIDEOTECHNIK"}]},{"@type":"WebSite","@id":"https:\/\/sec-ur.de\/#website","url":"https:\/\/sec-ur.de\/","name":"SECUR Sicherheitssysteme","description":"Einbruchmeldeanlagen - Video\u00fcberwachung - Zutrittskontrolle - Notrufzentrale","publisher":{"@id":"https:\/\/sec-ur.de\/#organization"},"potentialAction":[{"@type":"SearchAction","target":{"@type":"EntryPoint","urlTemplate":"https:\/\/sec-ur.de\/?s={search_term_string}"},"query-input":{"@type":"PropertyValueSpecification","valueRequired":true,"valueName":"search_term_string"}}],"inLanguage":"de"},{"@type":"Organization","@id":"https:\/\/sec-ur.de\/#organization","name":"SECUR Sicherheitssysteme","url":"https:\/\/sec-ur.de\/","logo":{"@type":"ImageObject","inLanguage":"de","@id":"https:\/\/sec-ur.de\/#\/schema\/logo\/image\/","url":"https:\/\/sec-ur.de\/wp-content\/uploads\/2016\/07\/Logo-neu.jpg","contentUrl":"https:\/\/sec-ur.de\/wp-content\/uploads\/2016\/07\/Logo-neu.jpg","width":1754,"height":1240,"caption":"SECUR Sicherheitssysteme"},"image":{"@id":"https:\/\/sec-ur.de\/#\/schema\/logo\/image\/"},"sameAs":["https:\/\/www.facebook.com\/Secur-Sicherheitssysteme-1554370868186186\/?ref=bookmarks","https:\/\/www.instagram.com\/secur_sicherheitssysteme\/","https:\/\/www.youtube.com\/channel\/UCknQxP1HzaTWSoOg1NWqxrw"]}]}},"_links":{"self":[{"href":"https:\/\/sec-ur.de\/index.php\/wp-json\/wp\/v2\/pages\/631","targetHints":{"allow":["GET"]}}],"collection":[{"href":"https:\/\/sec-ur.de\/index.php\/wp-json\/wp\/v2\/pages"}],"about":[{"href":"https:\/\/sec-ur.de\/index.php\/wp-json\/wp\/v2\/types\/page"}],"author":[{"embeddable":true,"href":"https:\/\/sec-ur.de\/index.php\/wp-json\/wp\/v2\/users\/1"}],"replies":[{"embeddable":true,"href":"https:\/\/sec-ur.de\/index.php\/wp-json\/wp\/v2\/comments?post=631"}],"version-history":[{"count":5,"href":"https:\/\/sec-ur.de\/index.php\/wp-json\/wp\/v2\/pages\/631\/revisions"}],"predecessor-version":[{"id":817,"href":"https:\/\/sec-ur.de\/index.php\/wp-json\/wp\/v2\/pages\/631\/revisions\/817"}],"up":[{"embeddable":true,"href":"https:\/\/sec-ur.de\/index.php\/wp-json\/wp\/v2\/pages\/174"}],"wp:attachment":[{"href":"https:\/\/sec-ur.de\/index.php\/wp-json\/wp\/v2\/media?parent=631"}],"curies":[{"name":"wp","href":"https:\/\/api.w.org\/{rel}","templated":true}]}}